 factors of 54889.
131, 419
List the prime factors of 137984.
2, 7, 11
What are the prime factors of 37643?
37643
What are the prime factors of 1176?
2, 3, 7
What are the prime factors of 10955?
5, 7, 313
What are the prime factors of 12399?
3, 4133
What are the prime factors of 72153?
3, 8017
List the prime factors of 126247.
11, 23, 499
List the prime factors of 3464.
2, 433
List the prime factors of 6303.
3, 11, 191
List the prime factors of 2487.
3, 829
What are the prime factors of 859?
859
List the prime factors of 1614.
2, 3, 269
What are the prime factors of 2002?
2, 7, 11, 13
List the prime factors of 2075.
5, 83
What are the prime factors of 2804?
2, 701
List the prime factors of 3142.
2, 1571
What are the prime factors of 446?
2, 223
What are the prime factors of 5573?
5573
List the prime factors of 10972.
2, 13, 211
List the prime factors of 1163.
1163
What are the prime factors of 28655?
5, 11, 521
List the prime factors of 3116.
2, 19, 41
List the prime factors of 2688.
2, 3, 7
What are the prime factors of 101392?
2, 6337
What are the prime factors of 9861?
3, 19, 173
List the prime factors of 18787.
18787
List the prime factors of 991.
991
List the prime factors of 6722.
2, 3361
What are the prime factors of 548?
2, 137
List the prime factors of 6196.
2, 1549
What are the prime factors of 7461?
3, 829
What are the prime factors of 67?
67
List the prime factors of 5899.
17, 347
List the prime factors of 9582.
2, 3, 1597
What are the prime factors of 1069?
1069
What are the prime factors of 228?
2, 3, 19
What are the prime factors of 37697?
11, 23, 149
List the prime factors of 4.
2
List the prime factors of 915.
3, 5, 61
What are the prime factors of 1616?
2, 101
List the prime factors of 19347.
3, 6449
List the prime factors of 398.
2, 199
What are the prime factors of 28505?
5, 5701
What are the prime factors of 31?
31
What are the prime factors of 5693?
5693
What are the prime factors of 344?
2, 43
What are the prime factors of 106521?
3, 35507
List the prime factors of 3989.
3989
What are the prime factors of 1470?
2, 3, 5, 7
List the prime factors of 2115.
3, 5, 47
What are the prime factors of 84874?
2, 42437
List the prime factors of 551.
19, 29
List the prime factors of 114589.
19, 37, 163
List the prime factors of 7800.
2, 3, 5, 13
What are the prime factors of 3885?
3, 5, 7, 37
What are the prime factors of 8993?
17, 23
List the prime factors of 493.
17, 29
What are the prime factors of 246?
2, 3, 41
List the prime factors of 138728.
2, 17341
List the prime factors of 44203.
44203
List the prime factors of 10887.
3, 19, 191
List the prime factors of 70603.
13, 5431
What are the prime factors of 1272?
2, 3, 53
What are the prime factors of 2328?
2, 3, 97
List the prime factors of 7093.
41, 173
What are the prime factors of 108730?
2, 5, 83, 131
What are the prime factors of 11547?
3, 1283
What are the prime factors of 15582?
2, 3, 7, 53
List the prime factors of 7785.
3, 5, 173
What are the prime factors of 2544?
2, 3, 53
What are the prime factors of 5069?
37, 137
What are the prime factors of 3214?
2, 1607
What are the prime factors of 77928?
2, 3, 17, 191
List the prime factors of 46152.
2, 3, 641
What are the prime factors of 10313?
10313
What are the prime factors of 57981?
3, 7, 11, 251
What are the prime factors of 3941?
7, 563
List the prime factors of 16297.
43, 379
List the prime factors of 32114.
2, 16057
What are the prime factors of 1989?
3, 13, 17
What are the prime factors of 945?
3, 5, 7
What are the prime factors of 5148?
2, 3, 11, 13
List the prime factors of 2529.
3, 281
List the prime factors of 26016.
2, 3, 271
List the prime factors of 1547.
7, 13, 17
List the prime factors of 138756.
2, 3, 31, 373
List the prime factors of 6388.
2, 1597
What are the prime factors of 1077?
3, 359
What are the prime factors of 258?
2, 3, 43
List the prime factors of 11504.
2, 719
List the prime factors of 178.
2, 89
What are the prime factors of 89926?
2, 44963
List the prime factors of 1515.
3, 5, 101
What are the prime factors of 26293?
26293
What are the prime factors of 30016?
2, 7, 67
List the prime factors of 13372.
2, 3343
List the prime factors of 228.
2, 3, 19
What are the prime factors of 5457?
3, 17, 107
What are the prime factors of 20989?
139, 151
List the prime factors of 8240.
2, 5, 103
What are the prime factors of 4437?
3, 17, 29
List the prime factors of 2596.
2, 11, 59
List the prime factors of 58227.
3, 13, 1493
List the prime factors of 18674.
2, 9337
What are the prime factors of 39372?
2, 3, 17, 193
What are the prime factors of 12007?
12007
List the prime factors of 12955.
5, 2591
What are the prime factors of 12295?
5, 2459
List the prime factors of 14467.
17, 23, 37
What are the prime factors of 11629?
29, 401
List the prime factors of 47324.
2, 11831
List the prime factors of 262.
2, 131
What are the prime factors of 938?
2, 7, 67
What are the prime factors of 1172?
2, 293
List the prime factors of 1589.
7, 227
What are the prime factors of 119711?
59, 2029
What are the prime factors of 8025?
3, 5, 107
What are the prime factors of 2706?
2, 3, 11, 41
List the prime factors of 1649.
17, 97
What are the prime factors of 17412?
2, 3, 1451
What are the prime factors of 1534?
2, 13, 59
What are the prime factors of 33487?
33487
What are the prime factors of 29286?
2, 3, 1627
What are the prime factors of 416?
2, 13
List the prime factors of 99971.
99971
What are the prime factors of 1307?
1307
List the prime factors of 1728.
2, 3
What are the prime factors of 529?
23
What are the prime factors of 6472?
2, 809
What are the prime factors of 10335?
3, 5, 13, 53
What are the prime factors of 7330?
2, 5, 733
List the prime factors of 18934.
2, 9467
List the prime factors of 120848.
2, 7, 13, 83
List the prime factors of 11946.
2, 3, 11, 181
What are the prime factors of 441?
3, 7
List the prime factors of 44.
2, 11
What are the prime factors of 3490?
2, 5, 349
List the prime factors of 72215.
5, 11, 13, 101
What are the prime factors of 642?
2, 3, 107
What are the prime factors of 842?
2, 421
List the prime factors of 128306.
2, 64153
What are the prime factors of 233?
233
What are the prime factors of 10090?
2, 5, 1009
What are the prime factors of 769?
769
List the prime factors of 3263.
13, 251
List the prime factors of 1523.
1523
List the prime factors of 602.
2, 7, 43
List the prime factors of 5830.
2, 5, 11, 53
What are the prime factors of 88?
2, 11
List the prime factors of 7024.
2, 439
List the prime factors of 83536.
2, 23, 227
List the prime factors of 48.
2, 3
List the prime factors of 7516.
2, 1879
What are the prime factors of 6016?
2, 47
What are the prime factors of 4554?
2, 3, 11, 23
What are the prime factors of 10162?
2, 5081
What are the prime factors of 12743?
12743
What are the prime factors of 1536?
2, 3
What are the prime factors of 656?
2, 41
List the prime factors of 34491.
3, 11497
What are the prime factors of 8112?
2, 3, 13
What are the prime factors of 1016?
2, 127
List the prime factors of 15580.
2, 5, 19, 41
What are the prime factors of 2926?
2, 7, 11, 19
List the prime factors of 183.
3, 61
List the prime factors of 15059.
11, 37
List the prime factors of 29784.
2, 3, 17, 73
List the prime factors of 730.
2, 5, 73
List the prime factors of 7412.
2, 17, 109
What are the prime factors of 42240?
2, 3, 5, 11
What are the prime factors of 1020?
2, 3, 5, 17
List the prime factors of 70179.
3, 149, 157
List the prime factors of 1901.
1901
What are the prime factors of 3085?
5, 617
List the prime factors of 6496.
2, 7, 29
What are the prime factors of 1560?
2, 3, 5, 13
List the prime factors of 42139.
42139
List the prime factors of 21336.
2, 3, 7, 127
What are the prime factors of 50113?
7, 7159
List the prime factors of 39560.
2, 5, 23, 43
List the prime factors of 719.
719
What are the prime factors of 2392?
2, 13, 23
What are the prime factors of 6967?
6967
What are the prime factors of 6090?
2, 3, 5, 7, 29
What are the prime factors of 1409?
1409
List the prime factors of 413.
7, 59
List the prime factors of 34442.
2, 17, 1013
What are the prime factors of 6032?
2, 13, 29
List the prime factors of 11153.
19, 587
What are the prime factors of 646?
2, 17, 19
What ar